{"id":1397,"date":"2014-02-08T16:11:37","date_gmt":"2014-02-08T15:11:37","guid":{"rendered":"http:\/\/www.tus-wallmerod.de\/?post_type=tribe_events&#038;p=1397"},"modified":"2014-02-08T16:13:49","modified_gmt":"2014-02-08T15:13:49","slug":"kinderkarneval-mit-traditionellem-umzug","status":"publish","type":"tribe_events","link":"https:\/\/www.tus-wallmerod.de\/?tribe_events=kinderkarneval-mit-traditionellem-umzug","title":{"rendered":"Kinderkarneval mit traditionellem Umzug"},"content":{"rendered":"<p>Unter der Leitung von Prinzessin Leonie II. von der Elfenwiese und Prinz Etienne I. aus dem M\u00e4rchenland startet der Umzug in der Konrad-Adenauer-Stra\u00dfe.<\/p>\n<p>Der Eintritt ist f\u00fcr Kinder frei.<\/p>\n","protected":false},"excerpt":{"rendered":"<p>Unter der Leitung von Prinzessin Leonie II. von der Elfenwiese und Prinz Etienne I. aus dem M\u00e4rchenland startet der Umzug in der Konrad-Adenauer-Stra\u00dfe. Der Eintritt ist f\u00fcr Kinder frei.<\/p>\n","protected":false},"author":6,"featured_media":0,"template":"","meta":{"ngg_post_thumbnail":0,"_tribe_events_status":"","_tribe_events_status_reason":"","footnotes":"","_links_to":"","_links_to_target":""},"tags":[],"tribe_events_cat":[],"class_list":["post-1397","tribe_events","type-tribe_events","status-publish","hentry"],"_links":{"self":[{"href":"https:\/\/www.tus-wallmerod.de\/index.php?rest_route=\/wp\/v2\/tribe_events\/1397","targetHints":{"allow":["GET"]}}],"collection":[{"href":"https:\/\/www.tus-wallmerod.de\/index.php?rest_route=\/wp\/v2\/tribe_events"}],"about":[{"href":"https:\/\/www.tus-wallmerod.de\/index.php?rest_route=\/wp\/v2\/types\/tribe_events"}],"author":[{"embeddable":true,"href":"https:\/\/www.tus-wallmerod.de\/index.php?rest_route=\/wp\/v2\/users\/6"}],"version-history":[{"count":1,"href":"https:\/\/www.tus-wallmerod.de\/index.php?rest_route=\/wp\/v2\/tribe_events\/1397\/revisions"}],"predecessor-version":[{"id":1398,"href":"https:\/\/www.tus-wallmerod.de\/index.php?rest_route=\/wp\/v2\/tribe_events\/1397\/revisions\/1398"}],"wp:attachment":[{"href":"https:\/\/www.tus-wallmerod.de\/index.php?rest_route=%2Fwp%2Fv2%2Fmedia&parent=1397"}],"wp:term":[{"taxonomy":"post_tag","embeddable":true,"href":"https:\/\/www.tus-wallmerod.de\/index.php?rest_route=%2Fwp%2Fv2%2Ftags&post=1397"},{"taxonomy":"tribe_events_cat","embeddable":true,"href":"https:\/\/www.tus-wallmerod.de\/index.php?rest_route=%2Fwp%2Fv2%2Ftribe_events_cat&post=1397"}],"curies":[{"name":"wp","href":"https:\/\/api.w.org\/{rel}","templated":true}]}}

<p>Unter der Leitung von Prinzessin Leonie II. von der Elfenwiese und Prinz Etienne I. aus dem Märchenland startet der Umzug in der Konrad-Adenauer-Straße.</p>
<p>Der Eintritt ist für Kinder frei.</p>

<p>Unter der Leitung von Prinzessin Leonie II. von der Elfenwiese und Prinz Etienne I. aus dem Märchenland startet der Umzug in der Konrad-Adenauer-Straße. Der Eintritt ist für Kinder frei.</p>
